s digit of n?
2
Let z be (-10)/14 - (-12)/(-42). Let p(a) = 3*a**2. What is the units digit of p(z)?
3
Suppose 0 = o - 3*v - 11, -66 = -5*o + 2*v + 2*v. What is the units digit of o?
4
Let p(m) be the first derivative of -m**3/3 - 9*m**2/2 + 2*m + 2. What is the units digit of p(-8)?
0
Let c(q) = -3*q**3 - 12*q**2 + 10*q + 12. What is the tens digit of c(-6)?
6
Let j(v) = v**3 + 18*v**2 - v + 21. What is the tens digit of j(-18)?
3
What is the units digit of (1/1)/((-6)/(-90))?
5
Suppose -16 = 3*z + 5*l, 2*z + 2*l = 2 - 6. What is the units digit of z?
3
Let t(b) = -b - 6. Let p be t(0). Let c = p + 14. What is the units digit of c?
8
Let d(v) = -v - 2. Let c be d(0). Suppose -2*z - 3*f = 3*z - 3, 0 = -4*f - 16. Let h = c + z. What is the units digit of h?
1
Suppose 4 = 4*u - 76. What is the tens digit of u?
2
Let b = 49 + -17. Suppose -w = 5*u + 2*w - b, -u - 5*w = -24. Suppose 3*g - 3 = -5*i + 33, 2*g + u*i - 24 = 0. What is the units digit of g?
2
What is the units digit of (-4 - 1)*102/(-5)?
2
What is the units digit of 9/((-18)/(-8)) + 28?
2
Suppose -4*m = -169 + 53. What is the units digit of m?
9
Let n(h) be the third derivative of h**6/60 - h**5/15 - h**4/24 + h**3/3 - 2*h**2. What is the tens digit of n(3)?
1
Let k be ((-6)/(-15))/((-1)/(-20)). Suppose -3*w + 7 = -k. Let i(d) = d**2 - 4*d - 1. What is the units digit of i(w)?
4
Suppose 4*y - 118 = -w, w - 2*w = 5*y - 118. What is the tens digit of w?
1
Suppose -3*u = -7*u + 204. Suppose 5*g - 50 = -3*y, -4*y + 3*g = -64 - u. Suppose -3*c = -8*c + y. What is the units digit of c?
5
What is the units digit of (-10)/(-50) - 174/(-5)?
5
Suppose -r + 3 = -1. Suppose r - 2 = d. What is the units digit of d?
2
Suppose -4*u = -12, -2*i - 5*u + 10 = -33. What is the units digit of i?
4
Let j(f) = 4*f. What is the units digit of j(9)?
6
Suppose 0 = 5*j + 3*v - 195, -j - 2*v + 17 = 3*v. What is the units digit of j?
2
Suppose -3 = 3*r, -5*z + r = 4*r - 602. What is the hundreds digit of z?
1
Let h(d) be the first derivative of -d**5/60 - d**4/4 - 2*d**3/3 + 2. Let u(q) be the third derivative of h(q). What is the units digit of u(-5)?
4
What is the tens digit of 72/12 - 2*-2?
1
Suppose 0 = 4*u - 8*u - 5*h + 28, -4*u + 28 = -3*h. Suppose -2*a - 5*n = u, -2*a - n + 3 = -2. What is the units digit of a?
4
Suppose 11*i - 6*i + 5*j = 95, -j + 75 = 5*i. What is the tens digit of i?
1
What is the units digit of (-568)/(-6) - ((-14)/6)/7?
5
Suppose j + l = 4, 0 = -3*j + l - 2 + 14. Suppose -2*t = t + 4*i - 18, 0 = -j*t - 3*i + 24. Suppose t*s = 2*s + 36. What is the units digit of s?
9
Let h(u) = u**2 - u - 2. Let x be h(2). Suppose x = g - 0 - 1. What is the units digit of g?
1
Let f = -18 + 56. What is the tens digit of f?
3
Let x(z) be the second derivative of 2*z**4/3 - z**3/6 - z**2 + 3*z. What is the units digit of x(-1)?
7
Let u = 321 + -203. What is the hundreds digit of u?
1
Let c(a) = 148*a + 14. What is the tens digit of c(1)?
6
Let l = -76 + 150. Let s = -47 + l. What is the units digit of s?
7
Suppose 5*f + 10 = 2*o, 3 = o + 3*f - 2. Suppose o*q = 3*u + 2*q + 135, -u + 5*q = 57. What is the units digit of (-114)/u + (-2)/(-7)?
3
Suppose -90 + 15 = 5*l. Let j be 96/(-10) - l/25. Let h = j - -14. What is the units digit of h?
5
Suppose -c - 3*d + 69 = -d, 0 = -4*c - 2*d + 288. What is the tens digit of c?
7
Suppose 0 = 15*y - 26*y + 2717. What is the hundreds digit of y?
2
Let d = 263 + -83. What is the tens digit of d?
8
Let o be 7/3 + (-5)/15. Suppose -3 = -3*u + y + 4, 4*u = -o*y + 6. What is the units digit of u?
2
Let c(b) = -6*b - 1. Let s be c(-1). What is the tens digit of -9*s*3/(-5)?
2
Let l(u) = u**2 + 7*u + 2. Let d be l(-7). Suppose -k = -d*k + 3. Suppose k*m - m = 14. What is the units digit of m?
7
Let c(t) = 8*t**2 + 2*t + 2. What is the units digit of c(-2)?
0
Let f(o) = -22*o**3 + o**2 + 2*o + 1. Let t be f(-1). Suppose -58 + t = -3*c - p, -4*c + 49 = p. What is the units digit of c?
3
Let s(a) = -a**3 - 5*a**2 + 3. Let h be s(-6). Suppose 2*p - 2*n = -5 + h, 2*n + 53 = 3*p. What is the units digit of p?
9
Let w(m) = -9*m + 8. Let v be w(11). Let u = -34 - v. What is the tens digit of u?
5
Let f(p) = -p + 6. Let x be f(5). Let z(d) = 7*d**3 + d**2 - 2*d + 1. What is the units digit of z(x)?
7
Let n(q) = -2*q**2 - 5*q - 4. Let f be n(-3). Let p = 27 + f. What is the units digit of p?
0
Let o = 11 - 5. Let u = 8 - o. Suppose -u*n + 4 = -4. What is the units digit of n?
4
Suppose 0 = 7*y - 430 - 326. What is the tens digit of y?
0
Suppose -47 = 4*u + 77. Let c = u - -3. Let v = c - -39. What is the tens digit of v?
1
Suppose -3*o = -6*o - 3*h + 60, 3*o - 5*h - 60 = 0. What is the units digit of o?
0
What is the units digit of 5/(-3 + 4) - 4?
1
Let b(j) = j - 14. Let u(q) = q - 1. Let m(p) = -b(p) + 2*u(p). What is the units digit of m(-9)?
3
Let f(q) be the first derivative of q**4/12 - q**3/3 - q**2 - 2. Let g(y) be the second derivative of f(y). What is the units digit of g(2)?
2
Suppose 2*c - 38 = 34. What is the units digit of c?
6
Suppose -10 = -0*p - 2*p. Suppose 0 = -p*n - 0*n + 15. What is the units digit of n?
3
Let c = 22 - 3. What is the tens digit of c?
1
Let h = -5 + 8. Let z = 5 - h. Suppose 18 + z = 4*l. What is the units digit of l?
5
Suppose -2*a + 7*a - 54 = 2*u, 3*u + 46 = 4*a. What is the units digit of (-93)/(-15) - 2/a?
6
Suppose 5*k + 0*f = 2*f + 9, -2*k + f + 3 = 0. Let q be 20 + (5 - k) + 1. Suppose 2*m = -3 + q. What is the units digit of m?
0
Let l(z) = -z + 1 - 8 + z + z. Let t be l(9). What is the units digit of 3/(t/12*2)?
9
Let f = -6 - -1. What is the units digit of 2*-2*f/20?
1
Let c = -6 + 9. Let x(i) = -i**3 + 5*i**2 - 3*i - 3. Let n be x(c). Suppose s - n = -s. What is the units digit of s?
3
Suppose -c + 5*c = -28. Let d(a) = a**3 + 7*a**2 - a + 4. What is the units digit of d(c)?
1
Suppose 2*x = -5*l + 86 - 26, -4*l - 4*x = -36. What is the tens digit of l?
1
Let a = 2 + 1. Suppose 0 = a*v - 6 - 0. What is the units digit of v?
2
What is the units digit of 38/(3/((-63)/(-6)))?
3
Suppose -r = -3, -3*z - 16 = 2*r - 52. Let c = z - 7. What is the units digit of c?
3
Let s(z) = -6*z + 2. Let j(a) = a**2 + a. Let b(w) = 2*j(w) + s(w). Let q be b(2). What is the tens digit of 0 + 14 + 4/q?
1
Let n be (-294)/15 + 4/(-10). Let v be (-1*1)/(4/n). Let y = v - 0. What is the units digit of y?
5
Let g be (-9)/15 - (-56)/10. Suppose 2*n = 4*f - 4 + 2, 0 = g*n + 2*f - 43. What is the units digit of n?
7
Let j(r) be the third derivative of -r**5/60 + r**4/4 + r**3/3 - r**2. Let h(y) = y**3 + 7*y**2 + 6*y + 6. Let g be h(-6). What is the units digit of j(g)?
2
Let h = 0 - -2. Suppose -3*n - z = 10, 0 = -z - z - h. What is the units digit of (n/2)/(2/(-4))?
3
Let v = -67 - -203. Let q = v + -96. What is the units digit of q?
0
Suppose 5*h - s - 154 = 0, -3*h + 95 = 3*s - s. What is the units digit of h?
1
Let i(z) = 4*z - 8. Let a = 17 + -11. What is the tens digit of i(a)?
1
Let g be (-4)/22 + 178/11. Suppose 0 = 4*h - 2*l - 26, 4*h = -h - 3*l + g. What is the units digit of h?
5
Let f be ((-1)/(-1))/(0 - -1). Let v(r) = -r + 19. Let q be v(12). Let w = q - f. What is the units digit of w?
6
Let l = -25 - -31. What is the units digit of l?
6
Let l(f) = -f**2 + 1. Let h(m) = -m**3 - 10*m**2 - 4*m + 4. Let i(b) = -h(b) + 5*l(b). What is the units digit of i(-3)?
7
What is the units digit of (0 + -1)*(-3 + 0 + 2)?
1
Let r(a) = -a**2 - 7*a + 1. Suppose -3*m + 7 - 28 = 0. What is the units digit of r(m)?
1
Let x be 0/(0 + (0 - 1)). Let p be 7 - 1*x/3. Let q(b) = b**2 - 6*b - 4. What is the units digit of q(p)?
3
Suppose -5*g + 360 = 4*g. What is the tens digit of g?
4
Suppose -7 = -z + 3. Suppose -5*l + z = -0*l + 5*t, 5*t + 11 = -2*l. What is the units digit of l?
7
What is the tens digit of (38 + 1)*77/33?
9
Let w = 13 + -6. Let o = w - 3. Suppose -35 = -5*t + o*u, t + t + 5*u - 47 = 0. What is the units digit of t?
1
Suppose 5 = -3*d - 1. Let f = 0 - d. Suppose v - 3*h - h = -f, -3*v = 3*h - 54. What is the units digit of v?
4
What is the units digit of 1 + (2 - 0/4)?
3
Let b be 86/(-10) + 6/(-15). What is the tens digit of (6/b)/(4/(-78))?
1
Let h(t) = 5*t**3 - 2*t + 1. Let v be h(1). Suppose y + 8 = 5*f, 3*f = v*f + 4*y - 10. Suppose 4*x - f = 18. Wha